actors of 6032329.
19, 317491
What are the prime factors of 1792462570?
2, 5, 283, 633379
What are the prime factors of 138626165?
5, 131, 211643
What are the prime factors of 2287923052?
2, 571980763
List the prime factors of 66908879.
66908879
What are the prime factors of 59195202?
2, 3, 11, 896897
List the prime factors of 147652555.
5, 29530511
What are the prime factors of 6642571795?
5, 1328514359
What are the prime factors of 1220478230?
2, 5, 4261, 28643
List the prime factors of 162606452.
2, 40651613
List the prime factors of 1412368986.
2, 3, 7, 1789, 18797
What are the prime factors of 2596556152?
2, 324569519
What are the prime factors of 3948741322?
2, 19543, 101027
List the prime factors of 801041316.
2, 3, 1289, 51787
What are the prime factors of 65703218?
2, 7, 761, 881
What are the prime factors of 1134983112?
2, 3, 331, 142873
List the prime factors of 102684531.
3, 19, 71, 25373
What are the prime factors of 16519436?
2, 19, 217361
List the prime factors of 2188288628.
2, 547072157
List the prime factors of 30175642.
2, 7, 883, 2441
What are the prime factors of 89099487?
3, 31, 106451
List the prime factors of 146153507.
146153507
List the prime factors of 3273482753.
17, 192557809
What are the prime factors of 3565057583?
47, 83, 197, 4639
List the prime factors of 578449203.
3, 192816401
List the prime factors of 2938690959.
3, 29, 33778057
List the prime factors of 30961749.
3, 7, 13, 23, 4931
List the prime factors of 1400251698.
2, 3, 373, 23173
What are the prime factors of 926410282?
2, 7, 66172163
List the prime factors of 18864176.
2, 1179011
List the prime factors of 843315390.
2, 3, 5, 9370171
List the prime factors of 2316058002.
2, 3, 17, 23, 43, 2551
What are the prime factors of 845313811?
173, 4886207
What are the prime factors of 262653934?
2, 101, 137, 9491
What are the prime factors of 112695096?
2, 3, 47, 99907
What are the prime factors of 471890869?
9043, 52183
What are the prime factors of 890490120?
2, 3, 5, 13, 570827
List the prime factors of 888264587.
7, 37, 3429593
What are the prime factors of 728240166?
2, 3, 13485929
List the prime factors of 288915942.
2, 3, 7, 6878951
What are the prime factors of 5256800477?
61, 86177057
List the prime factors of 316331447.
317, 997891
What are the prime factors of 3911633?
11, 23, 15461
List the prime factors of 1622904974.
2, 823, 985969
What are the prime factors of 454967696?
2, 28435481
List the prime factors of 575518290.
2, 3, 5, 47, 408169
What are the prime factors of 565899556?
2, 10973, 12893
List the prime factors of 1308924621.
3, 131, 149, 7451
What are the prime factors of 42097613?
23, 1830331
What are the prime factors of 184278860?
2, 5, 743, 12401
What are the prime factors of 4601804448?
2, 3, 29, 1652947
What are the prime factors of 130869503?
83, 809, 1949
List the prime factors of 121628094.
2, 3, 7, 23, 17987
List the prime factors of 46947832.
2, 5868479
List the prime factors of 152647126.
2, 29, 37, 83, 857
What are the prime factors of 33912531?
3, 3768059
What are the prime factors of 466882576?
2, 37, 59, 13367
What are the prime factors of 5922422133?
3, 4007, 492673
What are the prime factors of 5105910556?
2, 191, 6683129
What are the prime factors of 2417998587?
3, 17, 47411737
What are the prime factors of 19477150?
2, 5, 7, 11, 5059
What are the prime factors of 151294739?
19, 37, 47, 241
List the prime factors of 125061845.
5, 43, 581683
List the prime factors of 531538990.
2, 5, 359, 148061
What are the prime factors of 269115890?
2, 5, 47, 572587
What are the prime factors of 39808162?
2, 19904081
List the prime factors of 63792980.
2, 5, 877, 3637
What are the prime factors of 9669069?
3, 73, 14717
List the prime factors of 149021872.
2, 1091, 8537
What are the prime factors of 202279338?
2, 3, 97, 115853
List the prime factors of 224371483.
7, 32053069
List the prime factors of 1081211617.
79, 2833, 4831
What are the prime factors of 230725248?
2, 3, 13, 46219
List the prime factors of 1615590858.
2, 3, 7, 137, 40111
List the prime factors of 936331248.
2, 3, 19, 1026679
What are the prime factors of 3958976290?
2, 5, 15581, 25409
What are the prime factors of 6075255509?
71, 85566979
List the prime factors of 86284550.
2, 5, 11, 59, 2659
What are the prime factors of 3522173099?
3522173099
List the prime factors of 2816721.
3, 104323
What are the prime factors of 195427464?
2, 3, 19, 428569
List the prime factors of 1435093940.
2, 5, 7, 19, 539509
List the prime factors of 29233766.
2, 683, 21401
List the prime factors of 2696306647.
127, 21230761
What are the prime factors of 346028149?
17, 53, 384049
What are the prime factors of 146122344?
2, 3, 17, 31, 3851
What are the prime factors of 1659706832?
2, 7, 2116973
List the prime factors of 18912938.
2, 11, 859679
What are the prime factors of 874693106?
2, 7, 3373, 18523
What are the prime factors of 291303002?
2, 67, 2173903
What are the prime factors of 2649643121?
2649643121
What are the prime factors of 4422425?
5, 7, 37, 683
List the prime factors of 359163887.
2879, 124753
What are the prime factors of 271188613?
739, 366967
What are the prime factors of 352872507?
3, 13, 197, 3533
What are the prime factors of 36838769?
11, 971, 3449
List the prime factors of 115833076.
2, 29, 998561
What are the prime factors of 164358641?
164358641
List the prime factors of 554860877.
554860877
What are the prime factors of 189953120?
2, 5, 7, 31, 5471
What are the prime factors of 414499189?
13, 293, 108821
What are the prime factors of 75781029?
3, 25260343
What are the prime factors of 13542289?
449, 30161
What are the prime factors of 4907539497?
3, 7, 1801, 129757
What are the prime factors of 586279419?
3, 11, 17766043
What are the prime factors of 5381096870?
2, 5, 17, 31, 1021081
What are the prime factors of 45110248?
2, 17, 331693
What are the prime factors of 6229407525?
3, 5, 11, 7550797
What are the prime factors of 28097697?
3, 23, 313, 1301
List the prime factors of 1138221308.
2, 7, 40650761
What are the prime factors of 24722106?
2, 3, 757, 5443
List the prime factors of 70965892.
2, 4013, 4421
What are the prime factors of 166256137?
19, 149, 58727
What are the prime factors of 45259121?
19, 41, 58099
What are the prime factors of 877654424?
2, 23, 43, 110927
What are the prime factors of 1976633770?
2, 5, 197663377
What are the prime factors of 53609092?
2, 17, 788369
What are the prime factors of 11075070?
2, 3, 5, 369169
List the prime factors of 1058727818.
2, 529363909
What are the prime factors of 4086922974?
2, 3, 3499, 194671
What are the prime factors of 1803324592?
2, 112707787
What are the prime factors of 124411643?
124411643
List the prime factors of 2115923128.
2, 11, 2185871
What are the prime factors of 135721259?
2131, 63689
What are the prime factors of 2013761018?
2, 19, 263, 201497
What are the prime factors of 858872431?
858872431
List the prime factors of 67725637.
7, 17, 47, 12109
List the prime factors of 108512065.
5, 839, 25867
What are the prime factors of 85802466?
2, 3, 23, 621757
List the prime factors of 167487429.
3, 55829143
List the prime factors of 629231689.
629231689
List the prime factors of 1256173183.
47, 61, 97, 4517
List the prime factors of 332526576.
2, 3, 6927637
What are the prime factors of 255888950?
2, 5, 5117779
What are the prime factors of 2107626194?
2, 523, 2014939
List the prime factors of 433491249.
3, 79, 691, 2647
List the prime factors of 380845826.
2, 59, 3227507
List the prime factors of 1729373231.
1729373231
List the prime factors of 1033448758.
2, 516724379
List the prime factors of 433377999.
3, 131, 122527
List the prime factors of 2812421.
2812421
What are the prime factors of 53914145?
5, 10782829
What are the prime factors of 8696702768?
2, 13, 101, 347, 1193
List the prime factors of 271423361.
11, 24674851
List the prime factors of 32741701.
32741701
List the prime factors of 99418055.
5, 11, 227, 7963
List the prime factors of 672224246.
2, 43, 7816561
What are the prime factors of 2500352371?
11, 179, 1269859
What are the prime factors of 4256022538?
2, 17231, 123499
What are the prime factors of 390697586?
2, 139, 1405387
List the prime factors of 79630667.
79630667
What 